prime factors of c(8).
2, 3, 13
Suppose 2*g = -2*i - g - 8, 12 = 4*i - g. Suppose -y + 2*y - 144 = -3*r, 144 = 3*r + i*y. What are the prime factors of r?
2, 3
Suppose 12*n + 12 = 13*n. Let b(x) = x**2 - 9*x + 6. What are the prime factors of b(n)?
2, 3, 7
Let v = 1592 - 1164. What are the prime factors of v?
2, 107
Let u = -13 - -24. Suppose 2*h - 181 = -u. What are the prime factors of h?
5, 17
Suppose -8*q + 4*q + 12 = 0. What are the prime factors of (82/(-4))/(q/(-6))?
41
Suppose 5*x - 124 = 6*x. List the prime factors of 1/(x/(-122) - 1).
61
Suppose -86 = -0*t - 2*t. Let z(p) = 3*p**2 - 3*p. Let y be z(-1). What are the prime factors of t/5 - y/10?
2
Let u = 2122 + -14. List the prime factors of u.
2, 17, 31
Suppose -l + 3 = 2. Let b be 3/l*1/3. What are the prime factors of b/((-5 + 1)/(-32))?
2
Suppose -3*d - 2*d + 2170 = 0. Suppose -4*l = 2*w - 346, 4*l + 2*w - d = -l. What are the prime factors of l?
2, 11
Let p(d) = -d**3 + 2*d**2 + 1 + 0*d**3 + 2*d - 4*d**2 + 0*d**3. Let c be p(-3). Suppose 120 = 2*o + c*a + a, 220 = 4*o + 5*a. What are the prime factors of o?
2, 5
Suppose -2*m = -8, 2*m - 8 = 2*o + 3*o. Suppose -25*x + 24*x + 39 = o. What are the prime factors of x?
3, 13
Suppose 10*y + 15 = 355. List the prime factors of y.
2, 17
What are the prime factors of 0/(-2 - -5) + 194?
2, 97
Let k(z) = -6 + 0*z - 55*z + 8. Let c be k(-2). Let i = c + -64. What are the prime factors of i?
2, 3
Suppose -v + 13 = -58. Let h = v - 44. List the prime factors of h.
3
Let d be (-1 + (-94)/6)/(12/(-18)). Suppose -d*g - 68 = -29*g. What are the prime factors of g?
17
Let h(t) = t**3 + 7*t**2 - t + 2. Suppose 0 = 16*v - 12*v + 28. What are the prime factors of h(v)?
3
Suppose -19*q + 16*q + 4*w + 2418 = 0, 3*w = -3*q + 2439. What are the prime factors of q?
2, 3, 5
Suppose 9 = -3*y - 3. Let n = -366 - -368. List the prime factors of 47/n*(y - -6).
47
Suppose 0*y + 51 = -3*y. Let x(l) = -58*l**2 - 20*l + 22. Let u be x(1). Let s = y - u. List the prime factors of s.
3, 13
Suppose -69*z - 12043 + 44680 = 0. List the prime factors of z.
11, 43
Let v(q) = 7*q - 1 + 2 + 0 + 10. Let i be v(15). Let f = 166 - i. What are the prime factors of f?
2, 5
Suppose 5*m - r + 4 = 0, 2*m + 28 - 8 = 5*r. Suppose -4*h + 308 = 4*v, m = -0*v - 3*v + 2*h + 256. What are the prime factors of v?
2, 41
Let h = 28 + -24. Suppose -2*k = 2*c - h, -c - 4*c = 0. What are the prime factors of k?
2
Let c be 76/5 - (-5)/(-25). Let y be 12*6/4*1. Let v = y - c. List the prime factors of v.
3
Let z(r) = 10*r**3 - 5*r**2 + 3*r + 1. Let a(j) = -j**2 + j. Let c(y) = 3*a(y) - z(y). Let l be c(-1). Let o(f) = f + 11. What are the prime factors of o(l)?
2, 11
Let m(c) = c - 4. Let q be m(16). What are the prime factors of (0 - q/(-16)*-4)*-7?
3, 7
What are the prime factors of (-8)/(-2) + 862 + (3 - -2)?
13, 67
Let r(o) = o - 5. Let w(n) = n**2 + 4*n + 10. Let s be w(-3). List the prime factors of r(s).
2
Suppose -5*i - 1218 = -q, -6*q + 498 = -2*i - 2*q. Let k = 24 - i. What are the prime factors of k?
3, 89
Suppose 5*a + 6804 = 2*n, 5*n + 3*a + 10188 = 8*n. List the prime factors of n.
2, 53
Let g(i) = -7*i**2 - i - 2. Let a be g(-2). Let r = a + 54. Suppose -r = -2*k + 2*t + 2*t, -k - 4*t = -43. What are the prime factors of k?
23
Suppose 1349 = -s - 5*a + 3524, -2*s + 5*a = -4410. List the prime factors of s.
5, 439
Suppose q - 4*h - 908 = 0, -37*q + 38*q - 893 = -h. What are the prime factors of q?
2, 7
Let x(u) = 14*u. Let m be x(2). Let a = m - 1. Suppose a = 2*r - 21. What are the prime factors of r?
2, 3
Suppose -o + 1 = 24. Let w = o + 19. Let r(q) = 3*q**2 - 3*q + 4. List the prime factors of r(w).
2
Let l(r) = r**3 - 31*r**2 - 24*r + 23. What are the prime factors of l(32)?
3, 31
Let n(i) = 2*i**2 + 3*i - 1. Let r be 29/7 - (-2)/(-14). List the prime factors of n(r).
43
Suppose -5364*n = -5373*n + 23256. List the prime factors of n.
2, 17, 19
Suppose 8*i - 12*i + 788 = 0. Let n = -135 + i. What are the prime factors of n?
2, 31
Let c(v) = -v**2 + 9*v + 8. Let x be (-3)/((-1)/(-8)*-3). Let k be c(x). Let f = 1 + k. What are the prime factors of f?
17
Suppose 0 = 4*l + x - 1 - 0, 4 = l + 4*x. Let a(n) = -n - 92. Let t be a(l). List the prime factors of -7 + 11 - t/2.
2, 5
Let u be (-4 - (-20)/6) + 46/6. Suppose x - u*x = -930. List the prime factors of x.
5, 31
Let y(j) = 1. Let i(x) = 3*x + 10. Let q(z) = -i(z) + 5*y(z). Let m(u) = u**3 + 9*u**2 - 9*u + 3. Let c be m(-10). What are the prime factors of q(c)?
2
Let i(m) = 20*m**2 - 17*m - 36. List the prime factors of i(9).
3, 53
Suppose -5*h - 4*l + 7045 + 681 = 0, -12 = -3*l. List the prime factors of h.
2, 3, 257
Suppose 8*f - 7758 = -10*f. What are the prime factors of f?
431
Let j(z) = z**2 + 4*z + 6. Let b be j(-4). Suppose -15*v + 17*v = -2. Let c = b - v. What are the prime factors of c?
7
Suppose -4*u - 2*p + 1746 = 0, -u + 14*p - 11*p = -454. What are the prime factors of u?
439
Suppose -3*c + 15 = 5*f, 3*c - 3*f - 1 - 14 = 0. Suppose -c*i - 117 = -7*i - q, 20 = -4*q. List the prime factors of i.
61
Suppose 23*f - 2*m = 28*f - 945, 5 = m. List the prime factors of f.
11, 17
Let m(t) = -30*t + 2. Let c be m(-3). Suppose -l - 3*l = -4*j - c, -4*l + 89 = -5*j. List the prime factors of l.
2, 13
What are the prime factors of (1363 - (-9)/3) + (-162)/(-27)?
2, 7
Let t(w) = -w**3 - 4*w**2 + 3*w - 1. Let o be t(3). Let m = 4 - o. Let f = 87 - m. What are the prime factors of f?
2, 7
Suppose -a + 8 = -4*i, -3 - 1 = 2*i. Suppose 8*q - 4*q - 16 = a. Suppose -u + 40 = u + q*p, -2 = 2*p. List the prime factors of u.
2, 11
Let b = -205 - -222. List the prime factors of b.
17
Let r(g) = -g**3 + 9*g**2 + 11*g + 14. What are the prime factors of r(10)?
2, 3
Suppose 1930 = 5*t - 3*m, 4*t + 5*m = t + 1192. What are the prime factors of t?
389
Let n = -40 - -42. Suppose -668 = -n*r - 2*r. What are the prime factors of r?
167
Suppose -21 = n - 24. Suppose -n*a + 14 = -1. List the prime factors of a.
5
Let d(v) = 12*v**2 - 4. Let m be d(3). Let a be 4/18 - m/(-18). Let s(j) = j**3 - 4*j**2 - 8*j - 5. What are the prime factors of s(a)?
19
Suppose 3*n = 4*c + 1574, -7*n - 4*c = -12*n + 2634. What are the prime factors of n?
2, 5, 53
What are the prime factors of 70 - (12/(-18) + 34/6)?
5, 13
Let m be (1 - -1)*405/18. Suppose 6*p - 7*p = -6. Suppose 3*u = p*u - m. What are the prime factors of u?
3, 5
Let o(n) = -2*n + 6 - 3*n - 2*n + 4*n. Let m be o(3). What are the prime factors of (-2)/m - 91/(-3)?
31
Let x(v) = 215*v + 42. List the prime factors of x(6).
2, 3, 37
Let o be 8/4 + -1 + -1. Suppose 2*g = 3*n - 50, -g + o*g - 60 = -4*n. List the prime factors of n.
2, 7
Suppose -2*w + 3*r = 10, 5*w - r - 2 + 14 = 0. Let m = w - -6. Suppose 2*q + 10 = 3*q + i, -5*q + m*i + 41 = 0. What are the prime factors of q?
3
Let s(o) be the first derivative of -10*o**2 - 5*o - 23. What are the prime factors of s(-5)?
5, 19
Let x(h) = -h**2 - 3*h + 2. Let s be x(-3). Suppose -4*i + 3*j = 6*j - 60, 0 = -4*i - s*j + 60. What are the prime factors of 36/i + 3/5?
3
Let g(k) = -2 + 4 - 5 - 2*k + k. Let v be g(-10). Let n(j) = -j**2 + 9*j + 10. List the prime factors of n(v).
2, 3
Let u = -408 - -82. What are the prime factors of -5*3/30*u?
163
Let h be 6/(-2) + 12/(-12). Let d(k) = 3*k**2 + 5*k + 4. Let g be d(h). Suppose 3*j = 4*x + 75, -5*j + x + 157 = g. What are the prime factors of j?
5
Let j be (-136)/(-17)*(-2)/(-4). Suppose -58 = -j*f + 82. What are the prime factors of f?
5, 7
Suppose 0 = -3*k + 47 + 4. Suppose -k*c - 324 = -14*c. Let d = -57 - c. List the prime factors of d.
3, 17
Let u = -11 + 35. Suppose -5*v + u = -191. List the prime factors of v.
43
What are the prime factors of 1667 - 6 - (0 + -2)?
1663
Let a be (1 + (1 - -2))*-7. Suppose 3*g - 8*g - 45 = 0. Let c = g - a. List the prime factors of c.
19
Suppose -4*u + 160 - 7 = -5*k, -3*u = -4*k - 115. Let v = 7 + u. Let o = v - -10. List the prime factors of o.
2, 3
Let a be (3 - 3 - 3)/1. Let n be 1*a - (-16 - -7). Suppose -8*d = -n*d - 6. What are the prime factors of d?
3
Let s(m) = m**2 - 8*m - 5. Suppose -v + 2*i + 2*i + 2 = 0, -v = 4*i - 2. Suppose -x - 10 = -v*x. What are the prime factors of s(x)?
3, 5
Suppose 226 = -16*j + 8066. List the prime factors of j.
2, 5, 7
Suppose 120